(-510 - -491)
35
What is 13 - (-11 - (-11 + (-2 - -10)))?
21
What is (-6 - (-39 - -23 - -17)) + (-37 - 0)?
-44
(25 - 78) + 38 + -27
-42
Calculate -42 - (5 - 232 - -76).
109
What is -65 + 71 + -21 + 0?
-15
3 + 88 + -24 + 2
69
-4 + ((-85 - -45) + 49 - (1 + 1)) - 56
-53
13 + -3 + 45 - 31
24
Evaluate -22 + -40 + 47 + 31.
16
Evaluate 24 + 21 + (-37 - -3) + 3 - 18.
-4
Evaluate 0 - (-5 - -13) - (0 - 22 - -3).
11
Evaluate (-25 - -35) + 5 + -26.
-11
What is the value of -2 + 10 + (-8 + 2 - -3) + -49?
-44
What is the value of 0 - 8 - (-19 - 15 - -23) - -6 - -4?
13
11 - 1 - (2 + 21 + 21 + -2 - -3)
-35
Evaluate -5 + (-2 - -9) + (-7 - (6 - -34)).
-45
Evaluate (2 - (1 - -6)) + (-18 + -10 - 1 - -70).
36
Calculate (2 + -1 - -96) + (40 - 45) + (-2 - 5).
85
What is -11 - (9 - (-5 - -7)) - 7?
-25
What is -102 - -68 - (-38 - 10) - (30 + -1)?
-15
Calculate (1717 + -1594 - (-4 - -1 - 17)) + -14.
129
Evaluate -25 - (-73 - 33 - -38 - 13).
56
Evaluate (-126 - -47) + 43 + (-20 - 2).
-58
What is (-50 + 64 - 8 - (-3 - -4)) + 73?
78
What is the value of -143 - ((-32 - 152) + 18)?
23
Evaluate 100 + (21 - (0 - -95)).
26
What is the value of 75 + -102 + 43 + 0 + 61 - -13?
90
9 + (2 - -2) - (20 + -24 + 14)
3
Calculate 104 - (86 - (-44 + 125)).
99
(-7 - (2 + -6)) + (15 - 20) + 6
-2
What is the value of -24 - (-15 + 20 - -26 - 24)?
-31
What is 47 - ((26 - -52) + 17)?
-48
(1 - (2 + 53)) + 31 + -37 + 32 + -20
-48
Evaluate 0 + 7 + (-4 - (-19 + 4)) + (-12 - 1).
5
What is 867 - 982 - (-89 + 5)?
-31
What is -56 + (163 - 103 - -5)?
9
What is the value of -30 - (25 + -44 - 2)?
-9
What is the value of -31 - ((-127 - -135) + (19 - 2))?
-56
What is 74 - (102 + 122 - 94)?
-56
(44 - 19) + -95 + (-1 - (4 - (0 - -4)))
-71
What is 37 + 114 + -6 + -53?
92
Calculate (-21 + (21 - 3) + (2 - 8) - -6) + 29.
26
What is the value of -32 + (-25 + (-7 - -5) - -19)?
-40
Calculate (-4 + 0 - -5) + (-132 - -146) + -12 + 0.
3
What is 83 + 33 + -47 - 57?
12
-13 + 5 + 10 + -8 + 8 + 0
2
Evaluate 2 + -7 + (9 - 7 - 60) + 13.
-50
What is the value of -28 + -35 + (-20 - -111) - 123?
-95
(-8 + (11 + -4 - 11) - (0 - 3)) + -33
-42
What is the value of -3 - 36 - (11 - (15 - -7) - -5 - -16)?
-49
Calculate -11 - ((18 + -6 - 19 - (40 - 6)) + -11).
41
Evaluate -72 + 21 + (130 - 155 - (-1 + -9)).
-66
-4 - ((-14 + (-1 - 19) - 11) + 13)
28
What is -3 + (-1 - (61 + -114))?
49
Calculate 11 + (-7 - 0) - 9 - 16.
-21
What is 7 + 3 + -7 - ((-80 - -122) + 1 + -8)?
-32
Evaluate (1 - -7) + (9 - 18) + 10 - 73 - -4.
-60
44 - (45 - 6 - -10)
-5
Calculate (-198 - (-53 - 24)) + 28.
-93
Evaluate 31 + -18 - (9 + 18 + -34).
20
-2219 + 2203 - (1 - 55)
38
What is (-6 - (2 + -5)) + 28 + 42 + -17?
50
Calculate 31 + -11 + 18 + -20 + -2 + 2.
18
What is (78 - -30) + 77 + -136?
49
What is the value of (2 - 83) + 0 - (46832 - 46826)?
-87
Evaluate -117 + (29 - (46 + 24)) + 36.
-122
Calculate 38 + -59 - (-2 + 2 + -7).
-14
Calculate 30 - (16 - -26) - (1 - 4 - (-78 - -1)).
-86
Calculate 2 + -16 - (5 + (13 - 15) + -70 - 4).
57
What is the value of 218 - (113 + (146 - 133))?
92
What is (-126 - -136) + (-8 + 11 - (48 - 2))?
-33
Calculate 17 + (2 - 7 - ((-54 - -9) + 40)).
17
Evaluate (0 - ((-1 - (8 + -5)) + 5 - 10)) + -17.
-8
What is the value of (-16 - (-190 - -190)) + (1 - -7)?
-8
What is (26 - 1) + (-339 - -286)?
-28
Evaluate (14 - -1) + 55 + -39 + -49.
-18
(-47 - -90) + -13 - (-23 + -11)
64
What is 0 + 4 - (-2076 + 2114 + 0 + -48) - -89?
103
(-15 - -43 - 31) + -28
-31
7 - (-7 + 17 - 22 - (-57 + 7))
-31
What is (-7 - (8 - (9 + (2 - 8)) - 24)) + 3?
15
Calculate -15 + (22 - -40) + -53.
-6
-22 + (47 - 31) + 28
22
What is the value of -32 + -2 + 21 - (-5 - (-6 + 1))?
-13
Calculate (-3 - -48) + -7 - (-242 + 275).
5
Calculate -68 - (-42 + 51 + -31).
-46
What is the value of 96 - ((-5 - (-8 - -4)) + (-35 - -38) + 8)?
86
(13 - 5) + (16 - 8) + (-5 - 16)
-5
(29 - 21) + 2 + (-7 + 7 - 0) + 33
43
Evaluate (21 - (-17 - (-13 + 11 + -26))) + 0 + -61.
-51
Calculate 0 + -2 - (-399 - -398) - (-7 + (0 - 1)).
7
Evaluate 95 - (146 + (32 - 77)).
-6
Calculate 3 + 1 - (21 - (-49 + 23 - -13)).
-30
What is 6 + 1 + -3 - (-8 - (-20 + -1 - -19))?
10
What is the value of -23 + (51 - 31) + -21 + 18?
-6
Calculate -18 + 30 + -28 + (77 - 121).
-60
Evaluate (-54 - -55) + -4 + 2 + -2 + 6 - 38.
-35
Evaluate (4 - -1) + -18 + -49 + (13 - 8).
-57
What is the value of 0 + -9 - (-15 + (83 - (-3 + 16 - -1)))?
-63
Calculate 14 + (-7 - 20 - (54 - 44)).
-23
Evaluate (7 - 3) + -3 + 8 + (58 - 45).
22
Calculate 6 + (-24 - -9) + 41 - (-10 + 4).
38
Calculate 0 + 1 - -7 - ((93 - 65) + 46).
-66
Calculate -98 + (-55 - -78) + 20.
-55
Evaluate -7 - 0 - (59 + 0 + -23).
-43
What is the value of (0 - -2) + (31 - -16 - 5)?
44
What is the value of (109 - 36 - 110) + 9?
-28
What is the value of -1 + -13 - (68 - 164 - -74)?
8
What is the value of 47 - ((43 - 79) + 162) - (-3 + 1)?
-77
What is the value of 4 + 11 + 2 + (-8 + -1 - (2 - 8))?
14
What is -192 + 219 + -1 + -26 + -119?
-119
Calculate 30 - -34 - (-75 - -51).
88
Calculate -25 - 0 - (53 + 53 - 140).
9
Evaluate -8 + -32 + 30 - (-4 - 6) - -7.
7
Evaluate (-7 - -4) + 41 + (797 - 791).
44
What is the value of 3 + -35 + 42 + 6 + -33?
-17
30 - (-143 - (38 + -239))
-28
112 + (12 - 91) + 7 + (0 - -2)
42
-1 - 16 - (18 - (-2 + 10)) - (-7 + -3)
-17
Calculate (-7 - -68) + 38 + -31 - 25.
43
Calculate -31 + (2 - -32) - (-25 + 4).
24
Evaluate -44 + (17 - (-1 - (-25 - -7 - -14))) - -7.
-23
-42 - (-20 - ((-6 - -1 - (-111 + 112)) + -5))
-33
14 + 105 + (3 - 17 - -1) + 0
106
Evaluate 16 + (23 - 37 - ((6 - 3) + -6 + -18)).
23
Calculate -7 + (7 - 12) + -9 - 4.
-25
What is -19 - 36 - -61 - (-2 + -7)?
15
-31 + -23 - (-8 + 4 + -23)
-27
What is the value of 61 - (44 - -27) - -37?
27
What is (-97028 - -96985) + 0 + 13 + 0?
-30
What is the value of 91 + -81 - (0 - -19) - -14 - -8 - -84?
97
What is (48 - (45 + 8)) + (1 + 1 - -2) + -2?
-3
(-54 - -49) + 8 + (4 - -3) - -46
56
What is 64 + (13 + -25 - (-17 - -5) - 12)?
52
-98 + -27 + -58 + 128
-55
What is the value of -10 - (-5 + (8 - (0 - 0)) - -10)?
-23
What is the value of 73 + 0 + (-147 - -159) + -25 + 0?
60
What is the value of -641 + 646 + ((5 - 3) + 49 - 1 - -3)?
58
Calculate -167 + 179 + (4 + -7 + 6 - (-11 - -2)).
24
43 + -3 + (-63 - (28 - 63))
12
What is the value of 0 - (0 + -3) - (19 - (42 + (2 - -23)))?
51
Evaluate -142 + (-44 - -75) - -114.
3
Calculate (2 + -110 - -13) + -86 + 119.
-62
Evaluate 46 + (15 - -5 - 66).
0
Calculate 30 + 156 + -71 + -28.
87
48 + -17 - (5 - (5 - -11 - 9))
33
Calculate 22 - (21 + -11 + 8) - -5.
9
What is the value of (5 - -10 - 1 - 8) + (-24 - -19)?
1
Calculate 2 + (7 - 4) + 25 + (-6 - -22 - 12).
34
-3 + 70 + (31 - -2) + -43 + 22
79
Calculate -85 + 23 + -10 + (17 + (-1 - 6) - 2).
-64
What is 0 - 186 - (-2460 + 2331)?
-57
Evaluate -50 - (2 - 25) - -33 - -16.
22
7 + -1 + (70 - (26 + 24))
26
Calculate -85 + 14 + -25 + 6 + 7.
-83
Evaluate 8 - -20 - (11 + 0 - (33 - 23)).
27
What is the value of -31 + -114 + 316 + -68?
103
(-2 - -10) + (-12 - (25 - (36 - 17))) + 110
100
What is the value of 7 - (((-8 - 1) + 2 - -5) + 26 + 3)?
-20
Evaluate (83 - (-13 + 38) - (3 + -16)) + -3.
68
What is the value of -16 - (-31 + (92 - 59))?
-18
What is the value of (9 - 19 - 6) + (-1 - -17)?
0
What is 14 + 15 + -5 + -104 + (4 - 8)?
-84
Evaluate -40 + (-14 - -38) + (6 + -9 - -14).
-5
Evaluate -13 + (143 + -68 - 36).
26
Evaluate -21 - (-23 - (10 + 12) - 19).
43
Evaluate (3 - (108 + -2) - (516 + -525)) + -4.
-98
Evaluate -8 + (7 - 3 - 1) + -16.
-21
-20 + -6 + 85 + -24
35
Evaluate 26 - (9 + -4) - ((7 + -11 - -5) + 7).
13
What is the value of 42 - (-177 - -72 - -9) - (8 + (-1 - -2))?
129
Evaluate 9 + (83 + -151 - (11 - 0)).
-70
-2 - (9 + -4 + -2 + 0 + (745 - 738))
-12
What is -69 - (-66 + -127 + 68)?
56
11344 + -11347 + -2 + (-1 + -52 + 0 - 1)
-59
Calculate -1 - ((56 - (8 - 4)) + -4 + (7 - 1)).
-55
Calculate -8 + (23 - (-1 - -10)) + 10 - -15.
31
What is (92 - (2 + -2)) + (37 - 3 - 36)?
90
What is the value of 4 - (-47 - -21 - 15 - -29)?
16
Calculate (4 - -6) + -80 + (93 - 32).
-9
Evaluate -15 + 2 + 16 + 8 - -50 - (0 + 9).
52
(3 - ((-2 - 59) + (-36 - -47))) + 3 + -7
49
10 + 1 - (-54 + 25 - -13 - (14 + -18))
23
-11 - (3 + 59 + (12 + 1 - 12 - -2))
-76
Calculate (-4 + -22 - -116) + -48.
42
Calculate -107 + 44 - (8 + -115).
44
58 - ((-61